12)?
2, 11
What are the prime factors of (-104361)/(5 + -8) - (3 - 7 - -6)?
3, 5, 773
Suppose -13 = -2*h - 3*n, h - n - 9 = -h. What are the prime factors of (-5 - 3) + h + 19?
2
Suppose -163489 = -19*a + 323880. List the prime factors of a.
113, 227
Let h = -621 + 626. Suppose 18*i + h*w - 395 = 13*i, 1 = w. What are the prime factors of i?
2, 3, 13
Let g be (87/9)/((-2)/(-6)). Let q(u) = 13 + g*u + 3 - 25*u + 29*u. List the prime factors of q(3).
5, 23
Let c(v) be the first derivative of 13*v**4/2 + v**3/3 + 27. Let o be c(-1). What are the prime factors of o*(0 - 0 - (3 - 2))?
5
Suppose 4*j - 37 = j + 4*r, 5*j - 27 = -2*r. Suppose 4*v = -3*o + 40, 7*o - 64 = 2*o - 4*v. Suppose j*p = o*p - 40. List the prime factors of p.
2
Let t(k) = -k**3 - 6*k**2 - 9*k. Let b be t(-4). Suppose 0 = 3*m + 6, -v - b*m = -4*v - 13. List the prime factors of (((-108)/v)/(-3))/(24/(-252)).
2, 3
Let x(g) = g**3 + 12*g**2 - 24*g + 104. List the prime factors of x(18).
2, 587
Let c = 755 - -109. Let b = c + 297. What are the prime factors of b?
3, 43
Let j(u) = 6220*u - 6779. What are the prime factors of j(8)?
3, 14327
Let a(r) = 3*r**2 - 23*r - 88. Suppose -5*m = 5*c + 45, 2*c + 46 = -4*m + 3*c. What are the prime factors of a(m)?
2, 3, 11
Suppose -142*b + 138*b + 336 = 0. What are the prime factors of (b/(-70))/(3/(-1745))?
2, 349
Suppose 6*g - 5*w - 13 = 4*g, g - 5 = 2*w. List the prime factors of (g*(-240)/(-36))/((-2)/6).
2, 5
Let h(v) = 4*v**3 - 7*v**2 - 10*v + 40. Let g be h(10). Let a = -2294 + g. List the prime factors of a.
2, 11, 43
What are the prime factors of (5 - -13) + (-992739)/(-67)?
3, 5, 23, 43
Suppose -4*f = 4, -104 = 3*i + f - 1183. What are the prime factors of i?
2, 3, 5
Suppose 86 = u + 23. Suppose -3*f = -3*v + 255, -3*v - 5*f + 225 + 54 = 0. Let k = v - u. What are the prime factors of k?
5
Suppose -5*d - 15 = 0, -5*f + 5*d + 139 = -86. Suppose -f*a = -34*a - 1368. List the prime factors of a.
3, 19
Let u(d) = 4*d**2 + 61*d - 319. What are the prime factors of u(39)?
2, 509
Suppose 0 = -13*g + 35 + 17. What are the prime factors of 33 - (g*-3 + 6)?
3, 13
Suppose 0 = -q - 4*f + 407, -2*q - 10*f = -8*f - 820. Let b = 1339 - q. What are the prime factors of b?
2, 29
Suppose 0 = -3*w - 5*h + 433, 3*h - 1148 = -5*w - 453. Suppose 0*x - 16 = -4*x. Suppose -3*u - w = -x*u. What are the prime factors of u?
2, 17
List the prime factors of (1482/(-4))/(177/24 + -8)*135.
2, 3, 13, 19
Suppose 0 = -9*o + 95 + 175. Suppose 18*g = 12*g + o. Let q = 45 - g. What are the prime factors of q?
2, 5
Let g = 631 - 654. Let y = 744 - g. List the prime factors of y.
13, 59
Let o(m) = 4*m**3 - m**2 - 62*m - 172. Let i be o(-4). Let k(p) = p + 50. Let f be k(0). Let l = f - i. What are the prime factors of l?
2, 3, 41
Let y(p) = -75*p + 4*p**2 - 4*p**2 + 70*p + 10 + 65 + 10*p**2. List the prime factors of y(11).
2, 3, 5, 41
Let u(v) = -v**2 - 9*v + 14. Let x = 76 + -86. Let m be u(x). Suppose -m*b + 532 = 2*o, -3*b + 61 + 345 = 5*o. List the prime factors of b.
2, 3, 11
Let s(o) = 2*o + 4. Let l be s(-3). Let i(t) = -18 + 5 + 0 + 8 - 19*t. List the prime factors of i(l).
3, 11
Let r = -199 - -199. Suppose -186 = -3*s - 2*f + 5*f, 5*s + 5*f - 350 = r. What are the prime factors of s?
2, 3, 11
Let s(l) = -l. Let g be s(-2). Suppose 0 = r - 3*c - 73, 18 = g*r - c - 148. What are the prime factors of r?
5, 17
Suppose 220 = 5*y - 5*o, 5*y - 6*y - 5*o = -56. Suppose y*d + 2900 = 75*d. What are the prime factors of d?
2, 5
Suppose -6 = j + 2*k, 2*j + j + 16 = -4*k. Let q(c) = c + 1. Let g(r) = 11*r - 10. Let b(m) = -g(m) + 5*q(m). What are the prime factors of b(j)?
3, 13
Let r = 50244 + -19709. What are the prime factors of r?
5, 31, 197
Let s be -4 - 1*(4 - 13). Suppose -5*n = -9*n - 2*u + 12, 0 = -3*n - s*u + 16. Suppose 4*j - 117 = -4*c - 33, n = c. List the prime factors of j.
19
Suppose -11*v + 6*v - 5 = 0. List the prime factors of v/(0 + (3 - 200/66)).
3, 11
Let s(w) = -2991*w + 599. What are the prime factors of s(-8)?
24527
Suppose 2*a - 16 = -8*s + 10*s, 4*a - 25 = -3*s. Suppose k = a*k - 7002. List the prime factors of k.
3, 389
Suppose a - 48 = -11*a. Suppose -i - a*i = -1115. List the prime factors of i.
223
Let r = 178199 + -126982. List the prime factors of r.
51217
Let g(j) = 6*j**2 + 0 + 10 - 38*j - 7*j - j**3 + 40*j + 6. List the prime factors of g(-8).
2, 7, 17
What are the prime factors of 2329 - ((-2 + 0)/(-2))/((-1)/(-7))?
2, 3, 43
Suppose 2*x = -461 - 731. Let c be 4/3*(6 + 276/(-40))*20. List the prime factors of (-3)/(c/x)*-2.
149
Suppose 2612234 = -140*p + 3011151 + 5503063. What are the prime factors of p?
42157
List the prime factors of (-2*((-68271)/(-6) - 18))/((-2)/4).
2, 22721
Let q = 20 - 20. Suppose q*k - k = 5*h + 166, 0 = k - 4*h + 148. Let l = 263 + k. List the prime factors of l.
107
Suppose -2 = -5*f + 33. Suppose -4*b - 1062 = -2*c, 2112 = 4*c - f*b + 5*b. What are the prime factors of c?
17, 31
Let l = 189 + -191. What are the prime factors of (1 - l)/((-3)/(-216))?
2, 3
Suppose 6*g = p + 84781, -4401 = -g + p + 9735. List the prime factors of g.
71, 199
Let i(n) be the first derivative of -n**4/4 - 5*n**3/3 + 2*n**2 - 34*n - 8. What are the prime factors of i(-9)?
2, 127
Suppose -88 = -0*b - b. Suppose b*w - 93*w + 185 = 0. What are the prime factors of w?
37
Let g be ((-2)/(-4))/((-12)/(-72)). Suppose 176 + 2 = 2*x + g*y, -342 = -4*x + y. Let z = 180 - x. What are the prime factors of z?
2, 47
Let m(j) be the first derivative of -71*j**2 + 4*j - 32. Let t be m(-16). Suppose -17*c = -t + 372. List the prime factors of c.
2, 7
Suppose 0 = -4*m - 20, 0 = -10*s + 6*s + 5*m + 1697. Suppose -s = -3*p + 5*k + 963, 4*p = 2*k + 1846. What are the prime factors of p?
2, 3, 7, 11
List the prime factors of (11862/12)/(17/34).
3, 659
Let x(b) = b**3 + 5*b**2 + 2*b + 1. Let m be x(-2). Suppose m*w - 78 = 21. Suppose -w - 87 = -l. List the prime factors of l.
2, 7
Suppose -2*a - a - 4*s + 17715 = 0, 0 = -a + 5*s + 5905. What are the prime factors of a?
5, 1181
Let o = -262 - -266. Suppose 0 = o*x - 1174 - 162. List the prime factors of x.
2, 167
Suppose -3055 - 6197 = -18*n. List the prime factors of -1 - (-5 + 0 - n).
2, 7, 37
Let a(b) = 2*b**3 - 148*b**2 - 177*b - 356. List the prime factors of a(76).
2, 7, 83
Suppose 46 = -3*r + 52, -2*o + 12 = 4*r. Let n be (0 + 0)/(-1) + 5. Suppose 0 = t - o*z - 2*z - 40, -z - 238 = -n*t. List the prime factors of t.
2, 3
Let o = 42652 - 35586. List the prime factors of o.
2, 3533
Let l(t) be the first derivative of -t**3 + 6*t - 27 - 21/2*t**2 + 1/4*t**4. List the prime factors of l(8).
2, 79
Let o(a) = 86*a**3 + a**2 + a - 1. Let i(y) = -y**2 + 6*y - 6. Let f be i(4). Suppose 10*u = 12*u - f. List the prime factors of o(u).
3, 29
Let m = 47 - 82. Suppose 145 = -25*w + 28*w + 4*s, -4*w = -4*s - 240. Let d = w + m. What are the prime factors of d?
2, 5
Let i(a) = 99*a - 35*a - 31*a + 3. Suppose 5*y = 3*m - 3, 36 - 12 = 5*m - 2*y. List the prime factors of i(m).
3, 67
Let j be (-1300 - 1/1)*-1. Let g = j - 712. List the prime factors of g.
19, 31
Suppose 974257 + 3440547 = 188*g. List the prime factors of g.
23, 1021
Let y = 18910 - 9039. List the prime factors of y.
9871
Suppose 32*n = 69700 - 16260. List the prime factors of n.
2, 5, 167
Suppose 307*l - 334*l = -705240. What are the prime factors of l?
2, 5, 653
Suppose 5*y + c - 18905 = 0, -4*c = -2*y + 1281 + 6259. What are the prime factors of y?
2, 3, 5, 7
Let h = 138 - 71. Let g = h + -30. Suppose -273 + g = -2*o. What are the prime factors of o?
2, 59
Let h = 519 - -1188. List the prime factors of h.
3, 569
Let k = -181 - -208. What are the prime factors of 849/1 + k/90*10?
2, 3, 71
Suppose s = -4*m + 2924, -11531 - 129 = -4*s + 2*m. Suppose -13*p + 7*p + s = 0. List the prime factors of p.
2, 3
Let o = 10011 + -4680. What are the prime factors of o?
3, 1777
Let z(l) be the third derivative of l**4/6 + 548*l**3/3 + l**2 + 21. What are the prime factors of z(0)?
2, 137
Suppose -4*z - 805 = 3*w, -22 + 822 = -3*w - 5*z. Let h = -212 - w. What are the prime factors of h?
3, 7
Let h be (-2)/1 - (-3549 - (-12)/6). Let d = -7397 + h. What are the prime factors of 3/4 - d/48?
3
What are the prime factors of ((-9)/5)/((-33)/424985)?
3, 7727
Suppose 